n divisor of w and y.
10
Let i(v) = 4*v - 23. Let m(g) = 7*g - 46. Let k(f) = 11*i(f) - 6*m(f). Let x be k(0). What is the highest common factor of x and 69?
23
Let w be (-29)/4 - (-6)/(-8). Let g = 22 + w. Let a be ((-32)/(-10))/((-2)/(-70)). Calculate the greatest common factor of g and a.
14
Let p(h) = h + 1. Let t be p(4). Suppose b + 8 = -3*b. Let y be 2*(1 + b) + 17. Calculate the highest common divisor of y and t.
5
Suppose -2*u + 4*w = -7*u + 18, 0 = -2*u - 4*w + 12. Suppose 7*s - 32 = 4*s - i, s - u*i - 20 = 0. Let r = 0 + 3. What is the highest common factor of s and r?
3
Suppose 5*s = 581 - 86. What is the greatest common divisor of s and 9?
9
Suppose -6*o + 2*o - 284 = 0. Let m = o + 143. What is the greatest common divisor of m and 18?
18
Suppose 2*h = 4*p + 5 - 51, 4*p - 37 = 5*h. Calculate the greatest common factor of p and 39.
13
Let j = -3 - -9. Let d(m) = -m**2 - 5*m - 2*m - 3*m + 15. Let r be d(-11). Calculate the highest common divisor of r and j.
2
Suppose -5*l - 4*p + 533 = 0, 2*l - 5*p - 89 = 111. Let z(r) = 3*r**2 + 11*r - 5. Let q be z(-5). What is the greatest common divisor of l and q?
15
Let t = 38 + -25. Let z(a) = -a**3 + 14*a**2 - 11*a - 8. Let v be z(t). Calculate the greatest common factor of 18 and v.
18
Let y(h) = -h**2 - 3*h + 3. Let f be y(-3). Suppose 356 = 7*q - f*q. Suppose -q - 55 = -3*g. What is the highest common factor of g and 12?
12
Let f be 189 + -4 + 4 + -5. Let t(d) = 4*d + 3. Suppose 4*g + 7 - 27 = 0. Let z be t(g). What is the highest common divisor of z and f?
23
Let g be (-140)/42*(-147)/2. What is the greatest common divisor of 35 and g?
35
Let r be (60/21)/((-4)/(-14)). What is the greatest common divisor of r and 20?
10
Suppose 5*w + 259 = -2*w. Let r = -27 - w. Calculate the greatest common factor of 10 and r.
10
Suppose 0 = 4*w + 4 + 4, -t = -2*w - 7. Suppose t*x = 48 + 42. What is the greatest common divisor of 15 and x?
15
Let b(z) = z + 28. Let p be 1/7 - (-1)/(-7). Let a be b(p). What is the greatest common divisor of a and 140?
28
Let j(p) = p**3 + 6*p**2 + 6*p + 1. Let o be j(-4). Let w be 4*((-882)/8)/(-7). Calculate the highest common factor of w and o.
9
Suppose -3*q - 2*q = -5. Suppose -3*h - 4*u + 9 = 0, -2*h + 5*u - 2 = -8. Calculate the greatest common factor of q and h.
1
Suppose -4*m = -4*q - 8, 2*m + 5*q - 4 = -0*m. Suppose 2*j - 3*x + m*x - 20 = 0, 0 = -5*j - 5*x + 50. Calculate the highest common factor of j and 4.
2
Let h = 81 + -71. Calculate the greatest common factor of 70 and h.
10
Suppose 2*q = -4*t - 10, -15 = -q - t + 3*t. Suppose 5*g + 3 = 13. Suppose -k + 0*k = -g. What is the greatest common divisor of k and q?
1
Suppose -23 = 4*y - 211. Let b = 93 - y. What is the greatest common factor of b and 69?
23
Let z = 38 - 6. Calculate the highest common factor of 16 and z.
16
Let f = 4 - 0. Let h be ((-18)/f)/((-11)/132). What is the highest common factor of h and 27?
27
Let b be 26 + 2*(-1)/2. Suppose -4*p + 11 + b = 0. Let f(g) = g**3 + 16*g**2 + 14*g + 21. Let h be f(-15). What is the highest common divisor of p and h?
9
Suppose -2*i = 3*i - 255. Suppose 3*d + i = 4*t - 141, 0 = -2*d. What is the highest common divisor of t and 6?
6
Suppose 3*x = 2*m - 75, 0 = 4*x - m + 18 + 82. Let a = -9 - x. Calculate the highest common factor of 128 and a.
16
Suppose 5*y + 35 = 5. Let i(j) = j**3 + 7*j**2 + 2*j + 3. Let k be i(y). Calculate the greatest common divisor of k and 3.
3
Suppose 4*q + 20 = -3*j + 276, 448 = 5*j - 4*q. Calculate the greatest common factor of j and 22.
22
Let u(y) be the first derivative of 184*y**3/3 + y**2/2 - y - 3. Let x be u(1). What is the highest common factor of 23 and x?
23
Let c be 9/(-6) + 2409/6. What is the highest common factor of 50 and c?
50
Let y be (-22)/33 + (-1)/3. Suppose 0*w - 3 = -3*w. Let p be 20 + (0/w - y). What is the greatest common factor of 3 and p?
3
Let j(t) = -t**2 - 34*t - 24. Let k be j(-18). What is the greatest common divisor of 33 and k?
33
Let i(d) = 184*d**2 - d + 1. Let u be i(1). Calculate the greatest common divisor of 23 and u.
23
Suppose h + 9 = -2. Let f = -5 - h. Let k = f - 2. Calculate the highest common factor of 44 and k.
4
Let s(v) = -3*v**2 - v + 8. Let z be s(6). Let q = -76 - z. Calculate the highest common factor of 6 and q.
6
Suppose -j = -v + 1, 0 = -5*v + j - 7 + 20. Suppose -2*c + 6 = n + n, v*n = -4*c + 5. Calculate the greatest common factor of n and 49.
7
Let b(h) = 11*h - 20. Let i be b(4). Calculate the highest common factor of 144 and i.
24
Let x(s) = s**2 - 4*s - 5. Let t be x(7). Calculate the greatest common divisor of t and 8.
8
Suppose 6*p - 25 = p. Suppose -65 = 5*k - 4*k + p*a, 3*k + 144 = 2*a. Let h = 70 + k. What is the greatest common divisor of h and 30?
10
Suppose 0*n + 10 = -5*n, 3*n + 15 = 3*z. Suppose l + 4 = -4*t, l + 2*l - 24 = -z*t. What is the highest common factor of 8 and l?
4
Let q(o) = -40*o. Let h be 4/(-10) + 24/(-40). Let d be q(h). Calculate the highest common divisor of d and 8.
8
Suppose -5*g = -b - g + 84, -5*b - 4*g + 372 = 0. What is the greatest common factor of 152 and b?
76
Suppose 0 = 4*d + 4*z - 2 - 10, 0 = 3*d + 2*z - 14. Suppose -d = -2*b - 2*b. What is the highest common factor of b and 2?
2
Suppose 10 = -0*x + 2*x. Suppose -p = -k + 3, 2*p + 5*k - 8 = 21. Suppose p = -v + 7. What is the highest common factor of v and x?
5
Suppose 223 + 67 = 5*q. Let p be ((-116)/6)/(4/(-18)). What is the highest common divisor of p and q?
29
Let w be -1*(1 - (3 + -2)). Suppose 4*p - p - 15 = w. Let b be 5 + 0/(3 - 2). What is the highest common divisor of b and p?
5
Let p = 38 + -22. Let i be 8 - (-1 - 0/(-2)). Let f = -7 + i. Calculate the greatest common divisor of p and f.
2
Suppose 0*u - u - 4 = 0. Let c = u - -11. Let a(v) = 4*v - 7. Let f be a(7). What is the greatest common factor of c and f?
7
Let u = 20 - -1. Let x be ((-18)/3)/(-3) + 0. Suppose -2 = -x*q + 12. What is the highest common factor of u and q?
7
Let q = 5 + -24. Let o = q - -22. Calculate the greatest common divisor of 21 and o.
3
Let d(k) be the third derivative of -k**5/60 - k**4/4 + 3*k**3/2 + 2*k**2. Let q be d(-7). Calculate the highest common factor of q and 1.
1
Let i = 37 - 25. Calculate the highest common divisor of i and 156.
12
Let f(w) = -4*w**2 - 3*w + 4. Let n be f(4). Let d be ((-8)/(-16))/((-2)/n). Calculate the highest common divisor of 198 and d.
18
Let u be 332/12 - 3/(-9). Calculate the highest common factor of 84 and u.
28
Let y = 66 + -55. What is the greatest common divisor of 121 and y?
11
Let a be 2*12 - (3 - (2 + 3)). Calculate the highest common divisor of 13 and a.
13
Let o(q) = q**3 - 3*q**2 - 5*q - 1. Let h be o(5). What is the greatest common factor of h and 32?
8
Let l be 8/(-1)*1*-2. Suppose r = 0, r = -2*s - 19 + 51. Calculate the highest common factor of s and l.
16
Suppose -v - 6*j + 2*j = -60, v - 15 = 5*j. Calculate the greatest common divisor of 10 and v.
10
Let z = -76 + 175. Suppose 2*o = -2*o + 8. Suppose -h - 20 = -o*y, h - 35 = -3*y + 5*h. Calculate the greatest common divisor of z and y.
9
Let d(l) = 2 + l + 0*l - l**2 + 7*l**3 + 0*l**2 + 8*l**3. Let x be d(2). Let h(g) = g**2 + g. Let w be h(3). Calculate the highest common factor of x and w.
12
Suppose 17*g - 845 = 12*g. What is the highest common divisor of g and 13?
13
Let t = 1 + 43. Let m(n) = 4*n**2 + 4*n - 1. Let x be m(-3). Suppose -b = -q - 17, -8 = 3*q - x. What is the greatest common factor of t and b?
22
Suppose 0*y + 4*b - 21 = -y, 2*b - 87 = -5*y. Calculate the greatest common factor of y and 136.
17
Let a = -107 + 111. Let f be 8/((-1)/(-2) - 0). What is the highest common factor of f and a?
4
Let h(y) = 5*y**2 - 10*y + 36. Let c be h(6). Calculate the highest common factor of 12 and c.
12
Let w(b) = -2*b**2 + 2*b - 5. Suppose 3*l = -0 - 3. Let t(o) = -o. Let j(s) = l*w(s) + 2*t(s). Let d be j(5). What is the highest common factor of d and 7?
7
Let o(d) = -8*d + 5*d**2 + 12 - 3*d**2 - d**2. Let z be o(9). Let t(g) = -13*g - 2. Let k be t(-5). What is the greatest common factor of k and z?
21
Let x(r) = 5*r - 11. Let o(n) = 11*n - 23. Let w(i) = -6*o(i) + 13*x(i). Let c be w(-7). Calculate the highest common factor of c and 8.
2
Suppose p - 115 = -4*p. Calculate the greates